Let t(p) = -p**2 - 55*p - 457. Calculate t(-45).
-7
Let m(p) = p**3 + 3*p**2 - 5*p - 3. Calculate m(-4).
1
Let z(m) = -m**3 + 9*m**2 + 3*m + 15. Calculate z(9).
42
Let n(s) = s**3 - 13*s**2 - 6*s - 1. What is n(13)?
-79
Let g(y) = y - 5. Determine g(-6).
-11
Let y(j) = -j**3 + 7*j**2 - 8*j + 11. Calculate y(6).
-1
Let f(s) = -22*s**2 - s - 1. Give f(-1).
-22
Let z(n) = 26*n + 1. Calculate z(1).
27
Let l(a) = a**3 + 6*a**2 + 3*a + 13. Determine l(-5).
23
Let j(n) = -3*n - 36. What is j(-17)?
15
Let i(h) = -2*h**2 - 6*h - 4. Give i(-4).
-12
Let l(s) = -s**2 + 12*s - 21. Determine l(8).
11
Let m(i) = -2*i + 23. Calculate m(-10).
43
Let f(d) = -d**3 - 5*d**2 + 6*d - 2. Calculate f(-6).
-2
Let n(k) = k**2 - 21*k + 59. Determine n(19).
21
Let i(r) = -4*r + 15. What is i(6)?
-9
Let n(a) = -a**3 + 10*a**2 + 16*a - 14. What is n(11)?
41
Let s(l) = 17*l + 1. Give s(3).
52
Let p(f) = f**3 - 24*f**2 - 26*f + 46. Give p(25).
21
Let z(s) = s**3 - s**2 + s + 4. What is z(-2)?
-10
Let j(p) = 3*p**2 + 3*p + 4. What is j(-2)?
10
Let j(q) = q**2 + 7*q + 8. Calculate j(-2).
-2
Let i(h) = -4*h - 55. Give i(-13).
-3
Let a(q) = -5*q + 46. Determine a(5).
21
Let l(j) = -2*j**2 + 8*j + 5. What is l(3)?
11
Let u(l) = -l**2 + 45*l + 302. What is u(-6)?
-4
Let m(u) = -74*u + 44. Calculate m(3).
-178
Let s(c) = -4*c - 1. Calculate s(15).
-61
Let c(s) = -11*s**2 + 5*s + 4. Determine c(-1).
-12
Let k(y) = 3*y**2 + 71*y - 32. What is k(-24)?
-8
Let b(x) = -4*x - 5. What is b(4)?
-21
Let d(v) = -v**3 + 7*v**2 + 6*v - 2. Give d(8).
-18
Let s(b) = b - 9. What is s(5)?
-4
Let n(v) = -8*v**3 + 2*v - 1. What is n(1)?
-7
Let z(l) = 4*l + 48. Give z(-13).
-4
Let g(j) = 11*j + 24. Determine g(-4).
-20
Let k(u) = 16*u**3 - 3*u**2 + u + 2. What is k(2)?
120
Let g(i) = i**3 + 5*i**2 + 2*i + 3. Calculate g(-4).
11
Let v(z) = -2*z + 29. Give v(14).
1
Let w(v) = 2*v + 7. Give w(4).
15
Let o(i) = i**2 - i - 27. Determine o(0).
-27
Let f(w) = 5*w - 3. What is f(6)?
27
Let l(r) = -2*r + 6. Calculate l(14).
-22
Let d(a) = -a**2 - 2*a - 15. What is d(-6)?
-39
Let l(z) = -7*z + 18. Calculate l(7).
-31
Let t(v) = v**3 + 3*v**2 - 4*v. Determine t(-3).
12
Let c(j) = j**3 - 25*j**2 - 56*j + 38. Determine c(27).
-16
Let m(k) = k**2 - 6*k - 108. Give m(15).
27
Let t(k) = -k - 13. Determine t(-11).
-2
Let m(u) = -3*u + 63. Calculate m(20).
3
Let g(p) = p**2 + 13*p + 11. Determine g(-5).
-29
Let x(t) = 3*t - 25. Give x(6).
-7
Let j(v) = -v**3 - 4*v**2 - 2*v - 2. Give j(-5).
33
Let p(h) = -2*h**2 - 8*h + 12. Give p(-5).
2
Let w(v) = -6*v + 29. What is w(4)?
5
Let r(h) = h**2 - 6*h - 5. Calculate r(6).
-5
Let b(u) = 2*u + 6. Give b(6).
18
Let h(z) = z**2 + 47*z - 99. What is h(2)?
-1
Let c(y) = -y**2 + 11*y + 101. Calculate c(17).
-1
Let z(t) = -7*t + 6. Calculate z(2).
-8
Let r(b) = -2*b**2 + 7*b - 6. What is r(5)?
-21
Let o(p) = -25*p - 6. Determine o(-3).
69
Let t(k) = k**3 - 11*k**2 + 9*k - 15. Determine t(11).
84
Let s(f) = 2*f**2 - 19*f + 12. Determine s(8).
-12
Let h(s) = -s**3 - 6*s**2 - 5*s + 4. Give h(-5).
4
Let f(v) = -24*v + 25. Determine f(1).
1
Let p(o) = o - 4. Determine p(0).
-4
Let y(o) = 7*o + 7. What is y(-4)?
-21
Let u(r) = -r**3 - 5*r**2 - 3*r + 26. Give u(-4).
22
Let u(a) = -a - 6. What is u(-6)?
0
Let p(f) = f**3 - 14*f**2 - 14*f - 20. Calculate p(15).
-5
Let k(v) = 2*v - 4. Give k(-6).
-16
Let v(r) = -5*r + 9. Calculate v(18).
-81
Let c(l) = -l**2 - 11*l + 6. What is c(-12)?
-6
Let y(w) = 3*w + 93. What is y(-28)?
9
Let r(f) = -5*f - 33. Give r(-6).
-3
Let k(q) = -q**3 - 24*q**2 - 24*q - 17. Give k(-23).
6
Let s(f) = f + 10. What is s(-22)?
-12
Let n(b) = 4*b**2 - 61*b - 46. Calculate n(16).
2
Let a(w) = w**3 + 11*w**2 - 8*w + 11. What is a(-12)?
-37
Let m(o) = -7*o + 6. Calculate m(5).
-29
Let o(q) = -q**3 + 9*q**2 - 7*q - 4. Calculate o(6).
62
Let m(i) = -i**2 + 8*i - 9. What is m(5)?
6
Let c(f) = 2*f**3 + 84*f**2 - 86*f - 5. Calculate c(-43).
-5
Let n(h) = h**3 + 6*h**2 - 116*h - 57. What is n(-14)?
-1
Let q(i) = 29*i**2 + i - 1. Calculate q(1).
29
Let a(s) = 3*s + 16. Determine a(-3).
7
Let w(p) = -p. Give w(9).
-9
Let y(b) = -2*b**3 + 5*b**2 + 15*b. Determine y(-2).
6
Let f(c) = -c**3 - 17*c**2 - 16*c - 15. Give f(-16).
-15
Let c(y) = 11*y - 110. Give c(22).
132
Let u(j) = -j**2 + 5*j - 9. Calculate u(2).
-3
Let n(k) = k**3 + 7*k**2 - 9*k - 7. Give n(-8).
1
Let z(f) = 4*f**2 - 10*f + 1. Calculate z(3).
7
Let z(v) = -2*v - 15. Calculate z(-7).
-1
Let o(b) = 12*b - 507. What is o(42)?
-3
Let s(l) = -l**3 - 5*l**2 + 6*l - 4. Give s(-6).
-4
Let y(s) = -10*s**2 - 131*s - 17. Give y(-13).
-4
Let f(j) = 32*j**2 + 4*j + 5. Give f(-2).
125
Let h(b) = b**2 - 22*b + 29. What is h(21)?
8
Let p(i) = i**3 + 9*i**2 + i + 3. Give p(-9).
-6
Let n(g) = -23*g - 24. Calculate n(3).
-93
Let h(n) = -n**2 - 56*n + 57. Calculate h(-57).
0
Let d(i) = 2*i**2 + 23*i + 61. Determine d(-6).
-5
Let z(y) = y**3 - 11*y**2 + 20*y - 14. Give z(9).
4
Let l(h) = -h + 19. What is l(8)?
11
Let h(r) = 3*r**2 - 10*r + 16. Determine h(8).
128
Let s(n) = 5*n - 31. Calculate s(5).
-6
Let r(u) = u**2 + 2*u - 15. Give r(7).
48
Let c(r) = -r**3 + 17*r**2 + 4*r - 5. Give c(17).
63
Let w(z) = -4*z**3 - 2*z**2 - z + 13. Determine w(2).
-29
Let n(q) = -q**3 + 17*q**2 + 18*q + 13. Give n(18).
13
Let z(b) = 19*b - 1. Calculate z(2).
37
Let z(h) = 7*h - 32. Determine z(2).
-18
Let n(t) = -t**3 + 18*t**2 - 19*t + 8. Calculate n(17).
-26
Let l(s) = -s**2 + 8*s + 18. Determine l(11).
-15
Let t(u) = 35*u + 97. Give t(-7).
-148
Let g(o) = -21*o. Calculate g(-2).
42
Let h(x) = 2*x**2 + x - 17. Determine h(9).
154
Let x(h) = h**2 + h - 13. Give x(-6).
17
Let n(z) = -2*z**2 - 12*z - 4. Give n(-6).
-4
Let j(c) = -c**3 - 8*c**2 - 7*c + 5. Calculate j(-7).
5
Let n(w) = w. Give n(3).
3
Let r(d) = 2*d**3 - 32*d**2 - 2*d + 28. Determine r(16).
-4
Let s(z) = z**2 - 34*z - 493. Calculate s(-11).
2
Let x(g) = -g**3 + 7*g**2 + g + 1. Calculate x(5).
56
Let n(r) = -r**2 + 4*r + 3. Calculate n(7).
-18
Let k(w) = -3*w + 59. Give k(17).
8
Let h(y) = y**3 + 12*y**2 - 18*y - 51. Give h(-13).
14
Let n(s) = 2*s**2 + 6*s - 5. Determine n(-4).
3
Let q(y) = 4*y**2 + 31*y - 13. What is q(-8)?
-5
Let r(i) = i**2 + 7. Determine r(-7).
56
Let o(p) = -4*p - 27. Give o(-5).
-7
Let q(y) = 5*y**3 - 2*y**2 + y + 2. What is q(-1)?
-6
Let k(a) = a + 13. Give k(-7).
6
Let o(i) = i**2 + 19*i + 28. What is o(-17)?
-6
Let m(r) = 14*r + 472. What is m(-34)?
-4
Let i(r) = -4*r**3 + 14*r**2 + 10*r - 5. Determine i(4).
3
Let t(r) = r**3 + 19*r**2 + r + 19. Determine t(-19).
0
Let z(i) = -8*i + 35. Give z(7).
-21
Let k(n) = -n**3 - 37*n**2 - 47. Determine k(-37).
-47
Let v(l) = -12*l - 109. Give v(-7).
-25
Let s(w) = -4*w + 19. What is s(8)?
-13
Let r(l) = 2*l - 14. What is r(-2)?
-18
Let d(b) = -8*b + 13. Give d(-4).
45
Let l(w) = -w**3 + w + 14. Give l(0).
14
Let q(x) = 15*x - 42. Give q(3).
3
Let g(h) = -3*h**2 - 3*h. Determine g(3).
-36
Let p(w) = -8*w + 6. Determine p(2).
-10
Let s(v) = -v**2 + 11*v + 8. Determine s(9).
26
Let q(s) = s**2 - 5*s - 10. What is q(8)?
14
Let l(q) = q**3 + 25*q**2 + 21*q - 68. Determine l(-24).
4
Let k(x) = -9*x - 114. Determine k(-11).
-15
Let p(l) = -l - 6. Determine p(-13).
7
Let o(f) = -f + 69. What is o(18)?
51
Let w(o) = 5*o + 43. Calculate w(-10).
-7
Let v(x) = -x**2 - 19*x + 17. What is v(-21)?
-25
Let x(r) = r**3 + 4*r**2 - 4*r + 1. Determine x(-5).
-4
Let c(v) = v + 4. What is c(-4)?
0
Let f(k) = k**2 + 19*k + 22. Give f(-19).
22
Let f(n) = -3*n**2 + 6*n - 1. Determine f(1).
2
Let u(l) = -l + 4. Give u(2).
2
Let h(g) = -g**3 + 14*g**2 + g - 18. Give h(14).
-4
Let q(i) = -i**3 + 5*i**2 + 8*i - 9. What is q(7)?
-51
Let q(c) = -c**3 + 4*c**2 - 2*c - 1. What is q(3)?
2
Let t(u) = 2*u**2 + 27*u - 18. Determine t(-16).
62
Let f(h) = 2*h - 11. What is f(4)?
-3
Let i(x) = 5*x**3 + 3*x**2 - x + 2. Calculate i(-2).
-24
Let h(v) = v**3 - 6*v**2 + 2*v + 6. Determine h(5).
-9
Let w(m) = 3*m**2 + m. What is w(-2)?
10
Let y(r) = -5*r + 4. Give y(3).
-11
Let u(d) = d**2 - 8*d - 18. Give u(8).
-18
Let s(i) = 27*i**2 + 4*i - 5. Calculate s(1).
26
Let j(i) = -2*i**3 - 5. Calculate j(0).
-5
Let f(p) = 7*p + 47. Determine f(12).
131
Let r(z) = -19*z. Determine r(1).
-19
Let v(g) = 3*g**2 - 82*g + 33. What is v(27)?
6
Let n(c) = -4*c - 1. What is n(-